{"id":17790,"date":"2012-04-23T00:00:00","date_gmt":"2012-04-22T22:00:00","guid":{"rendered":"https:\/\/bezbednost.org\/najava\/panel-discussion-citizens-in-uniform-police-unions-in-serbia-and-their-role-in-protection-of-safety\/"},"modified":"2012-04-23T00:00:00","modified_gmt":"2012-04-22T22:00:00","slug":"panel-discussion-citizens-in-uniform-police-unions-in-serbia-and-their-role-in-protection-of-safety","status":"publish","type":"najava","link":"https:\/\/bezbednost.org\/en\/event\/panel-discussion-citizens-in-uniform-police-unions-in-serbia-and-their-role-in-protection-of-safety\/","title":{"rendered":"Panel discussion: &#8220;Citizens in uniform: police unions in Serbia and their role in protection of safety&#8221;"},"content":{"rendered":"<p>\t\u201cWe cannot get into Europe if we are unskilled and barefoot\u201d, was the message that police unions in Serbia submitted when announcing a general strike in November 2010.<\/p>\n<p>\tLast year however, three steps were made to improve the economic and social status of police officers in Serbia. The special working group within the MoI was formed with the aim to participate in negotiations with police unions. On 12 November last year police officers remained at work respecting unions\u2019 decision to freeze the strike. Police officers were given the status of \u201ccitizens in uniform\u201d. This was stated in the draft of the \u201cStrategy for MoI 2011-2014\u201c, confirming the view that all police officers regardless of the uniform and their profession are entitled to inalienable rights and freedoms.<\/p>\n<p>\tWith this panel discussion we want to continue the debate on the importance of human rights of employees in the police. The debate will be opened by Bogoljub Milosavljevic, Professor at the Law Faculty of University Union, presenting on the concept of \u201ccitizen in uniform\u201d. Representative of Ministry of Interior (TBC) and Veljko Mijailovic, President of the Police Union of Serbia, will speak on their experiences in the dialogue. Marko Milosevic, a Researcher at the Belgrade Centre for Security Policy, will speak on the importance of \u201cwhistle-blowers\u201d in the police. Pavle Hedjesi, the Chairman of the Executive Board of the Independent Police Union of Serbia will describe everyday problems of policing. Rajka Vukomanovi\u0107 from the Ministry of Labour and Social Policy will elaborate Ministry\u2019s involvement in collective negotiations.<\/p>\n<p>\tThe panel discussion is part of the project \u201eFostering Civil Society Involvement in Police Reform\u201d. Project is supported by the OSCE Mission to Serbia, embassy of the Netherlands in Serbia and the Centre for Democratic Control of Armed Forces from Geneva (DCAF).<\/p>\n<p>\tFor all additional information, please contact Sa\u0161a \u0110or\u0111evi\u0107 at phone: +381 (0) 11 3287 226 \/ +381 (0) 64 64 79 102, or via e-mail: sasadjordjevic@ccmr-bg.org.<\/p>\n","protected":false},"excerpt":{"rendered":"<p>The Belgrade Centre for Security Policy and the Belgrade Centre for Human Rights are organizing a panel discussion on the work of the police unions in Serbia and the results of their dialogue with the Ministry of Interior (MoI) on Monday, 31 January 2010, starting at 11:00hrs in Hotel Balkan (Prizrenska street 2, Belgrade).<\/p>\n","protected":false},"author":8,"featured_media":0,"comment_status":"open","ping_status":"open","template":"","categories":[8598,8591,8603],"tags":[264,9326,670,5857,2235,7699,8482,4904,6442,7601,8421,7581,9369,1218,7482,4903,7642,7873,7461,9123,9343,9370,9368],"coauthors":[],"class_list":["post-17790","najava","type-najava","status-publish","hentry","category-police","category-serbian-security-policy","category-transparency","tag-264","tag-00hrs","tag-balkan","tag-belgrade","tag-centre","tag-citizens","tag-discussion","tag-hotel","tag-human","tag-interior","tag-january","tag-ministry","tag-monday","tag-panel","tag-police","tag-prizrenska","tag-protection","tag-safety","tag-serbia","tag-starting","tag-street","tag-uniform","tag-unions"],"acf":[],"_links":{"self":[{"href":"https:\/\/bezbednost.org\/en\/wp-json\/wp\/v2\/najava\/17790","targetHints":{"allow":["GET"]}}],"collection":[{"href":"https:\/\/bezbednost.org\/en\/wp-json\/wp\/v2\/najava"}],"about":[{"href":"https:\/\/bezbednost.org\/en\/wp-json\/wp\/v2\/types\/najava"}],"author":[{"embeddable":true,"href":"https:\/\/bezbednost.org\/en\/wp-json\/wp\/v2\/users\/8"}],"replies":[{"embeddable":true,"href":"https:\/\/bezbednost.org\/en\/wp-json\/wp\/v2\/comments?post=17790"}],"version-history":[{"count":0,"href":"https:\/\/bezbednost.org\/en\/wp-json\/wp\/v2\/najava\/17790\/revisions"}],"wp:attachment":[{"href":"https:\/\/bezbednost.org\/en\/wp-json\/wp\/v2\/media?parent=17790"}],"wp:term":[{"taxonomy":"category","embeddable":true,"href":"https:\/\/bezbednost.org\/en\/wp-json\/wp\/v2\/categories?post=17790"},{"taxonomy":"post_tag","embeddable":true,"href":"https:\/\/bezbednost.org\/en\/wp-json\/wp\/v2\/tags?post=17790"},{"taxonomy":"author","embeddable":true,"href":"https:\/\/bezbednost.org\/en\/wp-json\/wp\/v2\/coauthors?post=17790"}],"curies":[{"name":"wp","href":"https:\/\/api.w.org\/{rel}","templated":true}]}}

<p>	“We cannot get into Europe if we are unskilled and barefoot”, was the message that police unions in Serbia submitted when announcing a general strike in November 2010.</p>
<p>	Last year however, three steps were made to improve the economic and social status of police officers in Serbia. The special working group within the MoI was formed with the aim to participate in negotiations with police unions. On 12 November last year police officers remained at work respecting unions’ decision to freeze the strike. Police officers were given the status of “citizens in uniform”. This was stated in the draft of the “Strategy for MoI 2011-2014“, confirming the view that all police officers regardless of the uniform and their profession are entitled to inalienable rights and freedoms.</p>
<p>	With this panel discussion we want to continue the debate on the importance of human rights of employees in the police. The debate will be opened by Bogoljub Milosavljevic, Professor at the Law Faculty of University Union, presenting on the concept of “citizen in uniform”. Representative of Ministry of Interior (TBC) and Veljko Mijailovic, President of the Police Union of Serbia, will speak on their experiences in the dialogue. Marko Milosevic, a Researcher at the Belgrade Centre for Security Policy, will speak on the importance of “whistle-blowers” in the police. Pavle Hedjesi, the Chairman of the Executive Board of the Independent Police Union of Serbia will describe everyday problems of policing. Rajka Vukomanović from the Ministry of Labour and Social Policy will elaborate Ministry’s involvement in collective negotiations.</p>
<p>	The panel discussion is part of the project „Fostering Civil Society Involvement in Police Reform”. Project is supported by the OSCE Mission to Serbia, embassy of the Netherlands in Serbia and the Centre for Democratic Control of Armed Forces from Geneva (DCAF).</p>
<p>	For all additional information, please contact Saša Đorđević at phone: +381 (0) 11 3287 226 / +381 (0) 64 64 79 102, or via e-mail: sasadjordjevic@ccmr-bg.org.</p>
