{"id":17828,"date":"2012-04-08T00:00:00","date_gmt":"2012-04-07T22:00:00","guid":{"rendered":"https:\/\/bezbednost.org\/najava\/where-are-we-now-and-what-is-next-community-policing-in-serbia\/"},"modified":"2012-04-08T00:00:00","modified_gmt":"2012-04-07T22:00:00","slug":"where-are-we-now-and-what-is-next-community-policing-in-serbia","status":"publish","type":"najava","link":"https:\/\/bezbednost.org\/en\/event\/where-are-we-now-and-what-is-next-community-policing-in-serbia\/","title":{"rendered":"Where are we now and what is next: Community policing in Serbia"},"content":{"rendered":"<p>\tCitizens do not believe that institutions, such as the police and the army, are deserved for their personal safety, but on the contrary friends and neighbours. These outcomes are the results of the public opinion poll \u201cWhat do citizens think about their safety and security in Serbia\u201d, conducted by the BCSP. Moreover, only 6 per cent of citizens believe that they are safe because the state institutions are doing their job in a proper way. The existing situation can be improved during the further process of implementation of community policing in Serbia.\u00a0\u00a0\u00a0\u00a0\u00a0\u00a0\u00a0<\/p>\n<p>\tAfter completing the first phase of implementation of the community policing concept in 2005 through realization of the pilot projects on community policing in several municipalities in Serbia, and the second with the carrying out of the project named JUNO 5 in 2009, the Ministry of Interior of the Republic of Serbia defined new goal with its Development Strategy 2011-2016. That goal is producing a strategy and an action plan on the community policing development in Serbia. So, the third phase started with this new strategic goal.<\/p>\n<p>\tThe aim of this panel discussion is to stimulate public discussion and contribute to the concretisation of further steps of the community policing development in Serbia and to answer on five specific questions:<\/p>\n<p>\t1.\u00a0Why is it important to develop the concept of community policing?<br \/>\t2.\u00a0What are the next steps in the development of the concept of community policing in Serbia?<br \/>\t3.\u00a0Why is the concept of community policing important for tackling domestic violence?<br \/>\t4.\u00a0What is the role of local self-government in developing community policing?<br \/>\t5.\u00a0What is the progress in developing the concept of community policing in Montenegro?<\/p>\n<p>\tThe panellists are: Robert Pazos (the OSCE Mission to Serbia), Golub Ga\u010devi\u0107 (the Police Directorate of the Ministry of Interior), Danijela Spasi\u0107 (the Academy of Criminalistics and Police Studies), Novak Gaji\u0107 (the Standing Conference of Towns and Municipalities) i Sonja Stojanovi\u0107 (the Belgrade Centre for Security Policy).<\/p>\n<p>\tSimultaneously translation from Serbian to English will be available. For additional information please contact Sasa Djordjevic via email: <a href=\"mailto:sasadjordjevic@ccmr-bg.org\">sasadjordjevic@ccmr-bg.org<\/a> or telephone: +381 11 3287 334.<\/p>\n<p>\tThe panel discussion is part of the project \u201eFostering Civil Society Involvement in Police Reform\u201d, supported by the OSCE Mission to Serbia, the Embassy of the Netherlands in Serbia and the Centre for Democratic Control of Armed Forces from Geneva (DCAF).<\/p>\n","protected":false},"excerpt":{"rendered":"<p>The Belgrade Centre for Security Policy (BCSP) and the Belgrade Centre for Human Rights (BCHR) are inviting you to the panel discussion on the current status of community policing development in Serbia. The panel discussion will be held on Tuesday, 5 July 2011, starting at 11:00 a.m. at the Hotel Balkan, Conference Room (Prizrenska Street 2, Belgrade).<\/p>\n","protected":false},"author":8,"featured_media":17829,"comment_status":"open","ping_status":"open","template":"","categories":[8598,8591],"tags":[264,670,5857,2235,6260,7567,7512,8482,4904,6442,9418,1218,8460,7086,4903,7635,4991,7461,9123,961,9343,9029],"coauthors":[],"class_list":["post-17828","najava","type-najava","status-publish","has-post-thumbnail","hentry","category-police","category-serbian-security-policy","tag-264","tag-balkan","tag-belgrade","tag-centre","tag-community","tag-conference","tag-current","tag-discussion","tag-hotel","tag-human","tag-inviting","tag-panel","tag-policing","tag-policy","tag-prizrenska","tag-rights","tag-security","tag-serbia","tag-starting","tag-status","tag-street","tag-tuesday"],"acf":[],"_links":{"self":[{"href":"https:\/\/bezbednost.org\/en\/wp-json\/wp\/v2\/najava\/17828","targetHints":{"allow":["GET"]}}],"collection":[{"href":"https:\/\/bezbednost.org\/en\/wp-json\/wp\/v2\/najava"}],"about":[{"href":"https:\/\/bezbednost.org\/en\/wp-json\/wp\/v2\/types\/najava"}],"author":[{"embeddable":true,"href":"https:\/\/bezbednost.org\/en\/wp-json\/wp\/v2\/users\/8"}],"replies":[{"embeddable":true,"href":"https:\/\/bezbednost.org\/en\/wp-json\/wp\/v2\/comments?post=17828"}],"version-history":[{"count":0,"href":"https:\/\/bezbednost.org\/en\/wp-json\/wp\/v2\/najava\/17828\/revisions"}],"wp:featuredmedia":[{"embeddable":true,"href":"https:\/\/bezbednost.org\/en\/wp-json\/wp\/v2\/media\/17829"}],"wp:attachment":[{"href":"https:\/\/bezbednost.org\/en\/wp-json\/wp\/v2\/media?parent=17828"}],"wp:term":[{"taxonomy":"category","embeddable":true,"href":"https:\/\/bezbednost.org\/en\/wp-json\/wp\/v2\/categories?post=17828"},{"taxonomy":"post_tag","embeddable":true,"href":"https:\/\/bezbednost.org\/en\/wp-json\/wp\/v2\/tags?post=17828"},{"taxonomy":"author","embeddable":true,"href":"https:\/\/bezbednost.org\/en\/wp-json\/wp\/v2\/coauthors?post=17828"}],"curies":[{"name":"wp","href":"https:\/\/api.w.org\/{rel}","templated":true}]}}

<p>	Citizens do not believe that institutions, such as the police and the army, are deserved for their personal safety, but on the contrary friends and neighbours. These outcomes are the results of the public opinion poll “What do citizens think about their safety and security in Serbia”, conducted by the BCSP. Moreover, only 6 per cent of citizens believe that they are safe because the state institutions are doing their job in a proper way. The existing situation can be improved during the further process of implementation of community policing in Serbia.       </p>
<p>	After completing the first phase of implementation of the community policing concept in 2005 through realization of the pilot projects on community policing in several municipalities in Serbia, and the second with the carrying out of the project named JUNO 5 in 2009, the Ministry of Interior of the Republic of Serbia defined new goal with its Development Strategy 2011-2016. That goal is producing a strategy and an action plan on the community policing development in Serbia. So, the third phase started with this new strategic goal.</p>
<p>	The aim of this panel discussion is to stimulate public discussion and contribute to the concretisation of further steps of the community policing development in Serbia and to answer on five specific questions:</p>
<p>	1. Why is it important to develop the concept of community policing?<br />	2. What are the next steps in the development of the concept of community policing in Serbia?<br />	3. Why is the concept of community policing important for tackling domestic violence?<br />	4. What is the role of local self-government in developing community policing?<br />	5. What is the progress in developing the concept of community policing in Montenegro?</p>
<p>	The panellists are: Robert Pazos (the OSCE Mission to Serbia), Golub Gačević (the Police Directorate of the Ministry of Interior), Danijela Spasić (the Academy of Criminalistics and Police Studies), Novak Gajić (the Standing Conference of Towns and Municipalities) i Sonja Stojanović (the Belgrade Centre for Security Policy).</p>
<p>	Simultaneously translation from Serbian to English will be available. For additional information please contact Sasa Djordjevic via email: <a href="mailto:sasadjordjevic@ccmr-bg.org">sasadjordjevic@ccmr-bg.org</a> or telephone: +381 11 3287 334.</p>
<p>	The panel discussion is part of the project „Fostering Civil Society Involvement in Police Reform”, supported by the OSCE Mission to Serbia, the Embassy of the Netherlands in Serbia and the Centre for Democratic Control of Armed Forces from Geneva (DCAF).</p>
