{"id":32321,"date":"2023-06-15T12:14:22","date_gmt":"2023-06-15T10:14:22","guid":{"rendered":"https:\/\/bezbednost.org\/?post_type=najava&#038;p=32321"},"modified":"2023-06-15T12:14:48","modified_gmt":"2023-06-15T10:14:48","slug":"roundtable-discussion-how-to-de-capture-a-state","status":"publish","type":"najava","link":"https:\/\/bezbednost.org\/en\/event\/roundtable-discussion-how-to-de-capture-a-state\/","title":{"rendered":"Roundtable Discussion: How to De-capture a State?"},"content":{"rendered":"<p><span data-contrast=\"auto\">State capture is a concept that denotes the internal political and socio-economic situation in Serbia. It implies the collapse of the division of power, the unavailability of institutions for citizens, and the exploitation of positions of power and authority for the sake of personal gain. This political endeavor has been carried out in Serbia for years and has gradually spread to almost all sectors of society. Starting from the security-intelligence system in Serbia, through the army, police, and legislature, to the media and civil society, a narrow circle of individuals at the top of the government established control over the aforementioned sectors, realising not only financial gains but also a complete concentration of power in their hands.\u00a0<\/span><\/p>\n<p><span data-contrast=\"auto\">The fight against state capture requires continuous efforts to strengthen and liberate institutions and ensure transparency and accountability of government. To start the process of state de-capture, the main recommendations concerning the security sector, foreign policy, parliament, and the media will be presented during the roundtable discussion. How to reform the security and intelligence system of Serbia so that it becomes independent from the interests of individuals in power? How to ensure transparency in the military and defence industry to prevent corruption? How to implement the professionalisation of the diplomatic service? How to improve the situation in the media and contribute to free and independent reporting? These are some of the questions that will be raised during the discussion.<\/span><span data-ccp-props=\"{&quot;201341983&quot;:0,&quot;335559739&quot;:160,&quot;335559740&quot;:259}\">\u00a0<\/span><\/p>\n<p><span data-contrast=\"auto\">\u00a0<\/span><span data-ccp-props=\"{&quot;201341983&quot;:0,&quot;335559739&quot;:160,&quot;335559740&quot;:259}\">\u00a0<\/span><\/p>\n<h3><strong>AGENDA<\/strong><\/h3>\n<p><span data-contrast=\"auto\">2:00 &#8211; 2:05\u00a0<\/span><span data-ccp-props=\"{&quot;201341983&quot;:0,&quot;335559739&quot;:160,&quot;335559740&quot;:259}\">\u00a0<\/span><\/p>\n<p><strong>Opening Remarks:\u00a0<\/strong><\/p>\n<p><span data-contrast=\"auto\"><em><strong>Igor Bandovi\u0107<\/strong><\/em>, Director, Belgrade Centre for Security Policy\u00a0<\/span><span data-ccp-props=\"{&quot;201341983&quot;:0,&quot;335559739&quot;:160,&quot;335559740&quot;:259}\">\u00a0<\/span><\/p>\n<p><span data-ccp-props=\"{&quot;201341983&quot;:0,&quot;335559739&quot;:160,&quot;335559740&quot;:259}\">\u00a0<\/span><\/p>\n<p><span data-contrast=\"auto\">2:05 \u2013 2:35<\/span><span data-ccp-props=\"{&quot;201341983&quot;:0,&quot;335559739&quot;:160,&quot;335559740&quot;:259}\">\u00a0<\/span><\/p>\n<p><strong>Presentation of Recommendations:\u00a0<\/strong><\/p>\n<p><span data-contrast=\"auto\"><em><strong>Predrag Petrovi\u0107<\/strong><\/em>, security services<\/span><span data-ccp-props=\"{&quot;201341983&quot;:0,&quot;335559739&quot;:160,&quot;335559740&quot;:259}\">\u00a0<\/span><\/p>\n<p><span data-contrast=\"auto\"><em><strong>Bojan Elek<\/strong><\/em>, police<\/span><span data-ccp-props=\"{&quot;201341983&quot;:0,&quot;335559739&quot;:160,&quot;335559740&quot;:259}\">\u00a0<\/span><\/p>\n<p><span data-contrast=\"auto\"><em><strong>Jelena Peji\u0107 Niki\u0107<\/strong><\/em>, special de-capturing mechanisms\u00a0<\/span><span data-ccp-props=\"{&quot;201341983&quot;:0,&quot;335559739&quot;:160,&quot;335559740&quot;:259}\">\u00a0<\/span><\/p>\n<p><span data-contrast=\"auto\"><em><strong>Vuk Vuksanovi\u0107<\/strong><\/em>, defence<\/span><span data-ccp-props=\"{&quot;201341983&quot;:0,&quot;335559739&quot;:160,&quot;335559740&quot;:259}\">\u00a0<\/span><\/p>\n<p><span data-contrast=\"auto\"><em><strong>Luka \u0160teri\u0107<\/strong><\/em>, foreign policy<\/span><span data-ccp-props=\"{&quot;201341983&quot;:0,&quot;335559739&quot;:160,&quot;335559740&quot;:259}\">\u00a0<\/span><\/p>\n<p><span data-contrast=\"auto\"><em><strong>Sr\u0111an Hercigonja<\/strong><\/em>, oversight and control of the security sector<\/span><span data-ccp-props=\"{&quot;201341983&quot;:0,&quot;335559739&quot;:160,&quot;335559740&quot;:259}\">\u00a0<\/span><\/p>\n<p><span data-contrast=\"auto\">\u00a0<\/span><span data-ccp-props=\"{&quot;201341983&quot;:0,&quot;335559739&quot;:160,&quot;335559740&quot;:259}\">\u00a0<\/span><\/p>\n<p><span data-contrast=\"auto\">2:35 &#8211; 2:45<\/span><span data-ccp-props=\"{&quot;201341983&quot;:0,&quot;335559739&quot;:160,&quot;335559740&quot;:259}\">\u00a0<\/span><\/p>\n<p><strong>Deliberation on Recommendations:\u00a0\u00a0<\/strong><\/p>\n<p><span data-contrast=\"auto\"><em><strong>Reinhard Priebe<\/strong><\/em>, legal expert (online)<\/span><span data-ccp-props=\"{&quot;201341983&quot;:0,&quot;335559739&quot;:160,&quot;335559740&quot;:259}\">\u00a0<\/span><\/p>\n<p><span data-contrast=\"auto\"><em><strong>Simonida Kacarska<\/strong><\/em>, European Policy Institute, North Macedonia (online)<\/span><span data-ccp-props=\"{&quot;201341983&quot;:0,&quot;335559739&quot;:160,&quot;335559740&quot;:259}\">\u00a0<\/span><\/p>\n<p><span data-contrast=\"auto\">\u00a0<\/span><span data-ccp-props=\"{&quot;201341983&quot;:0,&quot;335559739&quot;:160,&quot;335559740&quot;:259}\">\u00a0<\/span><\/p>\n<p><span data-contrast=\"auto\">2:45 &#8211; 3:30<\/span><span data-ccp-props=\"{&quot;201341983&quot;:0,&quot;335559739&quot;:160,&quot;335559740&quot;:259}\">\u00a0<\/span><\/p>\n<p><strong>Discussion\u00a0<\/strong><\/p>\n<p><strong>\u00a0\u00a0<\/strong><\/p>\n<p><span data-contrast=\"auto\">3:30 &#8211; 4:00<\/span><span data-ccp-props=\"{&quot;201341983&quot;:0,&quot;335559739&quot;:160,&quot;335559740&quot;:259}\">\u00a0<\/span><\/p>\n<p><strong>Coffee break\u00a0<\/strong><\/p>\n<p><span data-ccp-props=\"{&quot;201341983&quot;:0,&quot;335559739&quot;:160,&quot;335559740&quot;:259}\">\u00a0<\/span><\/p>\n<p><span data-contrast=\"auto\">Simultaneously with the state and society capture process, similar processes are taking place in the digital space, threatening basic human rights and freedoms. The increasing reliance of citizens on digital technologies and devices has motivated both states and private actors to reach for various tools for the digital surveillance of citizens. This includes thousands of high-resolution cameras installed throughout Belgrade, which can use software for automatic facial recognition, programs for monitoring digital devices used by security services in Serbia, and other mechanisms that harm citizens&#8217; rights and quality of life.<\/span><span data-ccp-props=\"{&quot;201341983&quot;:0,&quot;335559739&quot;:160,&quot;335559740&quot;:259}\">\u00a0<\/span><\/p>\n<p><span data-contrast=\"auto\">In the second part of the roundtable discussion, the opening remarks on the trend of capture in the digital space will be given by:<\/span><span data-ccp-props=\"{&quot;201341983&quot;:0,&quot;335559739&quot;:160,&quot;335559740&quot;:259}\">\u00a0<\/span><\/p>\n<p><span data-contrast=\"auto\">\u00a0<\/span><span data-ccp-props=\"{&quot;201341983&quot;:0,&quot;335559739&quot;:160,&quot;335559740&quot;:259}\">\u00a0<\/span><\/p>\n<p><span data-contrast=\"auto\">4:00 &#8211; 4:30<\/span><span data-ccp-props=\"{&quot;201341983&quot;:0,&quot;335559739&quot;:160,&quot;335559740&quot;:259}\">\u00a0<\/span><\/p>\n<p><span data-contrast=\"auto\"><em><strong>Danilo \u0106ur\u010di\u0107<\/strong><\/em>, Program Director, A 11 \u2013 Initiative for Economic and Social Rights<\/span><span data-ccp-props=\"{&quot;201341983&quot;:0,&quot;335559739&quot;:160,&quot;335559740&quot;:259}\">\u00a0<\/span><\/p>\n<p><span data-contrast=\"auto\"><em><strong>Andrej Petrovski<\/strong><\/em>, Director of Tech at SHARE Foundation<\/span><span data-ccp-props=\"{&quot;201341983&quot;:0,&quot;335559739&quot;:160,&quot;335559740&quot;:259}\">\u00a0<\/span><\/p>\n<p><span data-contrast=\"auto\"><em><strong>Maja Bjelo\u0161<\/strong><\/em>, Senior BCSP Researcher\u00a0<\/span><span data-ccp-props=\"{&quot;201341983&quot;:0,&quot;335559739&quot;:160,&quot;335559740&quot;:259}\">\u00a0<\/span><\/p>\n<p><span data-contrast=\"auto\">\u00a0<\/span><span data-ccp-props=\"{&quot;201341983&quot;:0,&quot;335559739&quot;:160,&quot;335559740&quot;:259}\">\u00a0<\/span><\/p>\n<p><span data-contrast=\"auto\">4:30 &#8211; 5:00<\/span><span data-ccp-props=\"{&quot;201341983&quot;:0,&quot;335559739&quot;:160,&quot;335559740&quot;:259}\">\u00a0<\/span><\/p>\n<p><strong>Discussion\u00a0<\/strong><\/p>\n<p><span data-contrast=\"auto\">\u00a0<\/span><span data-ccp-props=\"{&quot;201341983&quot;:0,&quot;335559739&quot;:160,&quot;335559740&quot;:259}\">\u00a0<\/span><\/p>\n<p><span data-contrast=\"auto\">Please confirm your attendance and register via <\/span><a href=\"https:\/\/form.jotform.com\/BCSP\/how-to-de-capture-a-state\" target=\"_blank\" rel=\"noopener\"><span data-contrast=\"auto\">this link<\/span><\/a><span data-contrast=\"auto\"> by Monday, June 19.<\/span><span data-ccp-props=\"{&quot;201341983&quot;:0,&quot;335559739&quot;:160,&quot;335559740&quot;:259}\">\u00a0<\/span><\/p>\n","protected":false},"excerpt":{"rendered":"<p>The Belgrade Centre for Security Policy (BCSP) invites you to a roundtable discussion during which we will present recommendations for the state de-capturing process in Serbia, as well as the latest research findings on digital capture. The discussion will take place on June 21 at 2 PM at Hotel Radisson Collection, Old Mill (Bulevar Vojvode Mi\u0161i\u0107a 15). <\/p>\n","protected":false},"author":8,"featured_media":32330,"comment_status":"closed","ping_status":"closed","template":"","categories":[7415,8605],"tags":[],"coauthors":[164],"class_list":["post-32321","najava","type-najava","status-publish","has-post-thumbnail","hentry","category-bscp","category-state-capture"],"acf":[],"_links":{"self":[{"href":"https:\/\/bezbednost.org\/en\/wp-json\/wp\/v2\/najava\/32321","targetHints":{"allow":["GET"]}}],"collection":[{"href":"https:\/\/bezbednost.org\/en\/wp-json\/wp\/v2\/najava"}],"about":[{"href":"https:\/\/bezbednost.org\/en\/wp-json\/wp\/v2\/types\/najava"}],"author":[{"embeddable":true,"href":"https:\/\/bezbednost.org\/en\/wp-json\/wp\/v2\/users\/8"}],"replies":[{"embeddable":true,"href":"https:\/\/bezbednost.org\/en\/wp-json\/wp\/v2\/comments?post=32321"}],"version-history":[{"count":3,"href":"https:\/\/bezbednost.org\/en\/wp-json\/wp\/v2\/najava\/32321\/revisions"}],"predecessor-version":[{"id":32328,"href":"https:\/\/bezbednost.org\/en\/wp-json\/wp\/v2\/najava\/32321\/revisions\/32328"}],"wp:featuredmedia":[{"embeddable":true,"href":"https:\/\/bezbednost.org\/en\/wp-json\/wp\/v2\/media\/32330"}],"wp:attachment":[{"href":"https:\/\/bezbednost.org\/en\/wp-json\/wp\/v2\/media?parent=32321"}],"wp:term":[{"taxonomy":"category","embeddable":true,"href":"https:\/\/bezbednost.org\/en\/wp-json\/wp\/v2\/categories?post=32321"},{"taxonomy":"post_tag","embeddable":true,"href":"https:\/\/bezbednost.org\/en\/wp-json\/wp\/v2\/tags?post=32321"},{"taxonomy":"author","embeddable":true,"href":"https:\/\/bezbednost.org\/en\/wp-json\/wp\/v2\/coauthors?post=32321"}],"curies":[{"name":"wp","href":"https:\/\/api.w.org\/{rel}","templated":true}]}}

<p><span data-contrast="auto">State capture is a concept that denotes the internal political and socio-economic situation in Serbia. It implies the collapse of the division of power, the unavailability of institutions for citizens, and the exploitation of positions of power and authority for the sake of personal gain. This political endeavor has been carried out in Serbia for years and has gradually spread to almost all sectors of society. Starting from the security-intelligence system in Serbia, through the army, police, and legislature, to the media and civil society, a narrow circle of individuals at the top of the government established control over the aforementioned sectors, realising not only financial gains but also a complete concentration of power in their hands. </span></p>
<p><span data-contrast="auto">The fight against state capture requires continuous efforts to strengthen and liberate institutions and ensure transparency and accountability of government. To start the process of state de-capture, the main recommendations concerning the security sector, foreign policy, parliament, and the media will be presented during the roundtable discussion. How to reform the security and intelligence system of Serbia so that it becomes independent from the interests of individuals in power? How to ensure transparency in the military and defence industry to prevent corruption? How to implement the professionalisation of the diplomatic service? How to improve the situation in the media and contribute to free and independent reporting? These are some of the questions that will be raised during the discussion.</span><span data-ccp-props="{&quot;201341983&quot;:0,&quot;335559739&quot;:160,&quot;335559740&quot;:259}"> </span></p>
<p><span data-contrast="auto"> </span><span data-ccp-props="{&quot;201341983&quot;:0,&quot;335559739&quot;:160,&quot;335559740&quot;:259}"> </span></p>
<h3><strong>AGENDA</strong></h3>
<p><span data-contrast="auto">2:00 &#8211; 2:05 </span><span data-ccp-props="{&quot;201341983&quot;:0,&quot;335559739&quot;:160,&quot;335559740&quot;:259}"> </span></p>
<p><strong>Opening Remarks: </strong></p>
<p><span data-contrast="auto"><em><strong>Igor Bandović</strong></em>, Director, Belgrade Centre for Security Policy </span><span data-ccp-props="{&quot;201341983&quot;:0,&quot;335559739&quot;:160,&quot;335559740&quot;:259}"> </span></p>
<p><span data-ccp-props="{&quot;201341983&quot;:0,&quot;335559739&quot;:160,&quot;335559740&quot;:259}"> </span></p>
<p><span data-contrast="auto">2:05 – 2:35</span><span data-ccp-props="{&quot;201341983&quot;:0,&quot;335559739&quot;:160,&quot;335559740&quot;:259}"> </span></p>
<p><strong>Presentation of Recommendations: </strong></p>
<p><span data-contrast="auto"><em><strong>Predrag Petrović</strong></em>, security services</span><span data-ccp-props="{&quot;201341983&quot;:0,&quot;335559739&quot;:160,&quot;335559740&quot;:259}"> </span></p>
<p><span data-contrast="auto"><em><strong>Bojan Elek</strong></em>, police</span><span data-ccp-props="{&quot;201341983&quot;:0,&quot;335559739&quot;:160,&quot;335559740&quot;:259}"> </span></p>
<p><span data-contrast="auto"><em><strong>Jelena Pejić Nikić</strong></em>, special de-capturing mechanisms </span><span data-ccp-props="{&quot;201341983&quot;:0,&quot;335559739&quot;:160,&quot;335559740&quot;:259}"> </span></p>
<p><span data-contrast="auto"><em><strong>Vuk Vuksanović</strong></em>, defence</span><span data-ccp-props="{&quot;201341983&quot;:0,&quot;335559739&quot;:160,&quot;335559740&quot;:259}"> </span></p>
<p><span data-contrast="auto"><em><strong>Luka Šterić</strong></em>, foreign policy</span><span data-ccp-props="{&quot;201341983&quot;:0,&quot;335559739&quot;:160,&quot;335559740&quot;:259}"> </span></p>
<p><span data-contrast="auto"><em><strong>Srđan Hercigonja</strong></em>, oversight and control of the security sector</span><span data-ccp-props="{&quot;201341983&quot;:0,&quot;335559739&quot;:160,&quot;335559740&quot;:259}"> </span></p>
<p><span data-contrast="auto"> </span><span data-ccp-props="{&quot;201341983&quot;:0,&quot;335559739&quot;:160,&quot;335559740&quot;:259}"> </span></p>
<p><span data-contrast="auto">2:35 &#8211; 2:45</span><span data-ccp-props="{&quot;201341983&quot;:0,&quot;335559739&quot;:160,&quot;335559740&quot;:259}"> </span></p>
<p><strong>Deliberation on Recommendations:  </strong></p>
<p><span data-contrast="auto"><em><strong>Reinhard Priebe</strong></em>, legal expert (online)</span><span data-ccp-props="{&quot;201341983&quot;:0,&quot;335559739&quot;:160,&quot;335559740&quot;:259}"> </span></p>
<p><span data-contrast="auto"><em><strong>Simonida Kacarska</strong></em>, European Policy Institute, North Macedonia (online)</span><span data-ccp-props="{&quot;201341983&quot;:0,&quot;335559739&quot;:160,&quot;335559740&quot;:259}"> </span></p>
<p><span data-contrast="auto"> </span><span data-ccp-props="{&quot;201341983&quot;:0,&quot;335559739&quot;:160,&quot;335559740&quot;:259}"> </span></p>
<p><span data-contrast="auto">2:45 &#8211; 3:30</span><span data-ccp-props="{&quot;201341983&quot;:0,&quot;335559739&quot;:160,&quot;335559740&quot;:259}"> </span></p>
<p><strong>Discussion </strong></p>
<p><strong>  </strong></p>
<p><span data-contrast="auto">3:30 &#8211; 4:00</span><span data-ccp-props="{&quot;201341983&quot;:0,&quot;335559739&quot;:160,&quot;335559740&quot;:259}"> </span></p>
<p><strong>Coffee break </strong></p>
<p><span data-ccp-props="{&quot;201341983&quot;:0,&quot;335559739&quot;:160,&quot;335559740&quot;:259}"> </span></p>
<p><span data-contrast="auto">Simultaneously with the state and society capture process, similar processes are taking place in the digital space, threatening basic human rights and freedoms. The increasing reliance of citizens on digital technologies and devices has motivated both states and private actors to reach for various tools for the digital surveillance of citizens. This includes thousands of high-resolution cameras installed throughout Belgrade, which can use software for automatic facial recognition, programs for monitoring digital devices used by security services in Serbia, and other mechanisms that harm citizens&#8217; rights and quality of life.</span><span data-ccp-props="{&quot;201341983&quot;:0,&quot;335559739&quot;:160,&quot;335559740&quot;:259}"> </span></p>
<p><span data-contrast="auto">In the second part of the roundtable discussion, the opening remarks on the trend of capture in the digital space will be given by:</span><span data-ccp-props="{&quot;201341983&quot;:0,&quot;335559739&quot;:160,&quot;335559740&quot;:259}"> </span></p>
<p><span data-contrast="auto"> </span><span data-ccp-props="{&quot;201341983&quot;:0,&quot;335559739&quot;:160,&quot;335559740&quot;:259}"> </span></p>
<p><span data-contrast="auto">4:00 &#8211; 4:30</span><span data-ccp-props="{&quot;201341983&quot;:0,&quot;335559739&quot;:160,&quot;335559740&quot;:259}"> </span></p>
<p><span data-contrast="auto"><em><strong>Danilo Ćurčić</strong></em>, Program Director, A 11 – Initiative for Economic and Social Rights</span><span data-ccp-props="{&quot;201341983&quot;:0,&quot;335559739&quot;:160,&quot;335559740&quot;:259}"> </span></p>
<p><span data-contrast="auto"><em><strong>Andrej Petrovski</strong></em>, Director of Tech at SHARE Foundation</span><span data-ccp-props="{&quot;201341983&quot;:0,&quot;335559739&quot;:160,&quot;335559740&quot;:259}"> </span></p>
<p><span data-contrast="auto"><em><strong>Maja Bjeloš</strong></em>, Senior BCSP Researcher </span><span data-ccp-props="{&quot;201341983&quot;:0,&quot;335559739&quot;:160,&quot;335559740&quot;:259}"> </span></p>
<p><span data-contrast="auto"> </span><span data-ccp-props="{&quot;201341983&quot;:0,&quot;335559739&quot;:160,&quot;335559740&quot;:259}"> </span></p>
<p><span data-contrast="auto">4:30 &#8211; 5:00</span><span data-ccp-props="{&quot;201341983&quot;:0,&quot;335559739&quot;:160,&quot;335559740&quot;:259}"> </span></p>
<p><strong>Discussion </strong></p>
<p><span data-contrast="auto"> </span><span data-ccp-props="{&quot;201341983&quot;:0,&quot;335559739&quot;:160,&quot;335559740&quot;:259}"> </span></p>
<p><span data-contrast="auto">Please confirm your attendance and register via </span><a href="https://form.jotform.com/BCSP/how-to-de-capture-a-state" target="_blank" rel="noopener"><span data-contrast="auto">this link</span></a><span data-contrast="auto"> by Monday, June 19.</span><span data-ccp-props="{&quot;201341983&quot;:0,&quot;335559739&quot;:160,&quot;335559740&quot;:259}"> </span></p>

<p>The Belgrade Centre for Security Policy (BCSP) invites you to a roundtable discussion during which we will present recommendations for the state de-capturing process in Serbia, as well as the latest research findings on digital capture. The discussion will take place on June 21 at 2 PM at Hotel Radisson Collection, Old Mill (Bulevar Vojvode Mišića 15). </p>
